{"id":76,"date":"2021-07-12T16:21:44","date_gmt":"2021-07-12T19:21:44","guid":{"rendered":"http:\/\/transparencia.crea-pi.org.br\/?page_id=76"},"modified":"2021-08-12T10:38:03","modified_gmt":"2021-08-12T13:38:03","slug":"plenario","status":"publish","type":"page","link":"https:\/\/transparencia.crea-pi.org.br\/index.php\/plenario\/","title":{"rendered":"SOBRE O PLEN\u00c1RIO"},"content":{"rendered":"<p style=\"text-align: justify;\" data-raofz=\"14\">O Plen\u00e1rio \u00e9 o \u00f3rg\u00e3o que decide os assuntos relacionados ao Crea-PI e \u00e9 a segunda inst\u00e2ncia de julgamento, no \u00e2mbito de sua jurisdi\u00e7\u00e3o, ressalvado o caso de foro privilegiado. O Plen\u00e1rio do Crea tem sua composi\u00e7\u00e3o renovada em um ter\u00e7o, anualmente. \u00c9 constitu\u00eddo por\u00a0 1 (um) presidente e por conselheiros regionais, sendo um representante por grupo profissional da Engenharia e da Agronomia, de cada institui\u00e7\u00e3o de ensino superior registrada no Crea, 1 (um) representante das entidades de classe de profissionais de n\u00edvel superior e 1 (um) representante de entidade de classe de profissionais de n\u00edvel m\u00e9dio, registrado no Crea-PI.<\/p>\n<p data-raofz=\"14\">As reuni\u00f5es obedecem a um calend\u00e1rio fixado, anualmente, com registro de uma reuni\u00e3o mensal. Em caso de necessidade s\u00e3o convocadas reuni\u00f5es extraordin\u00e1rias.<\/p>\n<p data-raofz=\"14\">\n","protected":false},"excerpt":{"rendered":"<p>O Plen\u00e1rio \u00e9 o \u00f3rg\u00e3o que decide os assuntos relacionados ao Crea-PI e \u00e9 a segunda inst\u00e2ncia de julgamento, no \u00e2mbito de sua jurisdi\u00e7\u00e3o, ressalvado o caso de foro privilegiado. O Plen\u00e1rio do Crea tem sua composi\u00e7\u00e3o renovada em um ter\u00e7o, anualmente. \u00c9 constitu\u00eddo por\u00a0 1 (um) presidente e por conselheiros regionais, sendo um representante&#8230;<\/p>\n","protected":false},"author":1,"featured_media":0,"parent":0,"menu_order":0,"comment_status":"closed","ping_status":"closed","template":"","meta":{"om_disable_all_campaigns":false,"_monsterinsights_skip_tracking":false,"_monsterinsights_sitenote_active":false,"_monsterinsights_sitenote_note":"","_monsterinsights_sitenote_category":0,"_kad_post_transparent":"default","_kad_post_title":"default","_kad_post_layout":"default","_kad_post_sidebar_id":"","_kad_post_content_style":"default","_kad_post_vertical_padding":"default","_kad_post_feature":"","_kad_post_feature_position":"","_kad_post_header":false,"_kad_post_footer":false,"footnotes":""},"aioseo_notices":[],"_links":{"self":[{"href":"https:\/\/transparencia.crea-pi.org.br\/index.php\/wp-json\/wp\/v2\/pages\/76"}],"collection":[{"href":"https:\/\/transparencia.crea-pi.org.br\/index.php\/wp-json\/wp\/v2\/pages"}],"about":[{"href":"https:\/\/transparencia.crea-pi.org.br\/index.php\/wp-json\/wp\/v2\/types\/page"}],"author":[{"embeddable":true,"href":"https:\/\/transparencia.crea-pi.org.br\/index.php\/wp-json\/wp\/v2\/users\/1"}],"replies":[{"embeddable":true,"href":"https:\/\/transparencia.crea-pi.org.br\/index.php\/wp-json\/wp\/v2\/comments?post=76"}],"version-history":[{"count":7,"href":"https:\/\/transparencia.crea-pi.org.br\/index.php\/wp-json\/wp\/v2\/pages\/76\/revisions"}],"predecessor-version":[{"id":1251,"href":"https:\/\/transparencia.crea-pi.org.br\/index.php\/wp-json\/wp\/v2\/pages\/76\/revisions\/1251"}],"wp:attachment":[{"href":"https:\/\/transparencia.crea-pi.org.br\/index.php\/wp-json\/wp\/v2\/media?parent=76"}],"curies":[{"name":"wp","href":"https:\/\/api.w.org\/{rel}","templated":true}]}}