{"id":713,"date":"2021-07-22T10:07:37","date_gmt":"2021-07-22T13:07:37","guid":{"rendered":"http:\/\/transparencia.crea-pi.org.br\/?page_id=713"},"modified":"2021-07-27T16:44:14","modified_gmt":"2021-07-27T19:44:14","slug":"informacoes-classificadas","status":"publish","type":"page","link":"https:\/\/transparencia.crea-pi.org.br\/index.php\/informacoes-classificadas\/","title":{"rendered":"INFORMA\u00c7\u00d5ES CLASSIFICADAS"},"content":{"rendered":"<p style=\"text-align: justify;\" data-raofz=\"14\">Nesta se\u00e7\u00e3o s\u00e3o divulgados rol das informa\u00e7\u00f5es classificadas em cada grau de sigilo e o rol das informa\u00e7\u00f5es desclassificadas nos \u00faltimos doze meses no \u00e2mbito do CREA-PI. Al\u00e9m disso, s\u00e3o disponibilizados formul\u00e1rios de pedido de desclassifica\u00e7\u00e3o e de recurso referente a pedido de desclassifica\u00e7\u00e3o.<\/p>\n<blockquote>\n<p style=\"text-align: justify;\" data-raofz=\"16\">Segundo o art. 29 da Lei de Acesso \u00e0 Informa\u00e7\u00e3o (Lei n\u00ba 12.527\/2012), os cidad\u00e3os podem solicitar a reavalia\u00e7\u00e3o da classifica\u00e7\u00e3o das informa\u00e7\u00f5es com vistas \u00e0 sua desclassifica\u00e7\u00e3o ou \u00e0 redu\u00e7\u00e3o do prazo de sigilo. Al\u00e9m disso, \u00e9 poss\u00edvel interpor recurso referente ao pedido de desclassifica\u00e7\u00e3o. Para isso, est\u00e3o dispon\u00edveis os formul\u00e1rios abaixo:<\/p>\n<\/blockquote>\n<p data-raofz=\"16\"><a href=\"http:\/\/transparencia.crea-pi.org.br\/wp-content\/uploads\/2021\/07\/form-recurso-desclassificacao_pn.odt\">Pedido de desclassifica\u00e7\u00e3o ou reavalia\u00e7\u00e3o &#8211; Pessoa Natural<\/a><\/p>\n<p data-raofz=\"16\"><a href=\"http:\/\/transparencia.crea-pi.org.br\/wp-content\/uploads\/2021\/07\/form-pedido-desclassificacao_pj.odt\">Pedido de desclassifica\u00e7\u00e3o ou reavalia\u00e7\u00e3o &#8211; Pessoa Jur\u00eddica<\/a><\/p>\n<p data-raofz=\"16\"><a href=\"http:\/\/transparencia.crea-pi.org.br\/wp-content\/uploads\/2021\/07\/form-pedido-desclassificacao_pn.odt\">Recurso referente a pedido de desclassifica\u00e7\u00e3o &#8211; Pessoa Natural<\/a><\/p>\n<p data-raofz=\"16\"><a href=\"http:\/\/transparencia.crea-pi.org.br\/wp-content\/uploads\/2021\/07\/form-recurso-desclassificacao_pn_fa.odt\">Recurso referente a pedido de desclassifica\u00e7\u00e3o &#8211; Pessoa Natural (For\u00e7as Armadas)<\/a><\/p>\n<p data-raofz=\"16\"><a href=\"http:\/\/transparencia.crea-pi.org.br\/wp-content\/uploads\/2021\/07\/form-recurso-desclassificacao_pj.odt\">Recurso referente a pedido de desclassifica\u00e7\u00e3o &#8211; Pessoa Jur\u00eddica<\/a><\/p>\n<p data-raofz=\"16\"><a href=\"http:\/\/transparencia.crea-pi.org.br\/wp-content\/uploads\/2021\/07\/form-recurso-desclassificacao_pj_fa.odt\">Recurso referente a pedido de desclassifica\u00e7\u00e3o &#8211; Pessoa Jur\u00eddica (For\u00e7as Armadas)<\/a><\/p>\n<p style=\"text-align: justify;\" data-raofz=\"16\">O Crea-PI informa que at\u00e9 o momento n\u00e3o houve informa\u00e7\u00f5es classificadas e\/ou desclassificadas nos \u00faltimos 12 meses nos termos do \u00a71\u00ba do art. 24 da Lei n\u00ba 12.527\/2011.<\/p>\n<p data-raofz=\"16\">\n<p data-raofz=\"16\">\n","protected":false},"excerpt":{"rendered":"<p>Nesta se\u00e7\u00e3o s\u00e3o divulgados rol das informa\u00e7\u00f5es classificadas em cada grau de sigilo e o rol das informa\u00e7\u00f5es desclassificadas nos \u00faltimos doze meses no \u00e2mbito do CREA-PI. Al\u00e9m disso, s\u00e3o disponibilizados formul\u00e1rios de pedido de desclassifica\u00e7\u00e3o e de recurso referente a pedido de desclassifica\u00e7\u00e3o. Segundo o art. 29 da Lei de Acesso \u00e0 Informa\u00e7\u00e3o (Lei&#8230;<\/p>\n","protected":false},"author":1,"featured_media":0,"parent":0,"menu_order":0,"comment_status":"closed","ping_status":"closed","template":"","meta":{"om_disable_all_campaigns":false,"_monsterinsights_skip_tracking":false,"_monsterinsights_sitenote_active":false,"_monsterinsights_sitenote_note":"","_monsterinsights_sitenote_category":0,"_kad_post_transparent":"default","_kad_post_title":"default","_kad_post_layout":"default","_kad_post_sidebar_id":"","_kad_post_content_style":"default","_kad_post_vertical_padding":"default","_kad_post_feature":"","_kad_post_feature_position":"","_kad_post_header":false,"_kad_post_footer":false,"footnotes":""},"aioseo_notices":[],"_links":{"self":[{"href":"https:\/\/transparencia.crea-pi.org.br\/index.php\/wp-json\/wp\/v2\/pages\/713"}],"collection":[{"href":"https:\/\/transparencia.crea-pi.org.br\/index.php\/wp-json\/wp\/v2\/pages"}],"about":[{"href":"https:\/\/transparencia.crea-pi.org.br\/index.php\/wp-json\/wp\/v2\/types\/page"}],"author":[{"embeddable":true,"href":"https:\/\/transparencia.crea-pi.org.br\/index.php\/wp-json\/wp\/v2\/users\/1"}],"replies":[{"embeddable":true,"href":"https:\/\/transparencia.crea-pi.org.br\/index.php\/wp-json\/wp\/v2\/comments?post=713"}],"version-history":[{"count":3,"href":"https:\/\/transparencia.crea-pi.org.br\/index.php\/wp-json\/wp\/v2\/pages\/713\/revisions"}],"predecessor-version":[{"id":776,"href":"https:\/\/transparencia.crea-pi.org.br\/index.php\/wp-json\/wp\/v2\/pages\/713\/revisions\/776"}],"wp:attachment":[{"href":"https:\/\/transparencia.crea-pi.org.br\/index.php\/wp-json\/wp\/v2\/media?parent=713"}],"curies":[{"name":"wp","href":"https:\/\/api.w.org\/{rel}","templated":true}]}}