{"id":111,"date":"2021-07-17T11:10:05","date_gmt":"2021-07-17T14:10:05","guid":{"rendered":"http:\/\/transparencia.crea-pi.org.br\/?page_id=111"},"modified":"2024-08-06T10:48:39","modified_gmt":"2024-08-06T13:48:39","slug":"inspetorias","status":"publish","type":"page","link":"https:\/\/transparencia.crea-pi.org.br\/index.php\/inspetorias\/","title":{"rendered":"INSPETORIAS"},"content":{"rendered":"<p class=\"p3\" style=\"text-align: justify;\" data-raofz=\"14\"><span class=\"s1\" data-raofz=\"14\">As Inspetorias do Crea-PI s\u00e3o vinculadas administrativa e tecnicamente ao Regional e funcionam em conson\u00e2ncia com o Regimento do Conselho, cuja finalidade \u00e9 a descentraliza\u00e7\u00e3o do atendimento \u00e0 Sociedade. Atualmente o Crea-PI possui 11 Inspetorias.<\/span><\/p>\n<p class=\"p5\" data-raofz=\"14\"><span class=\"s2\" data-raofz=\"14\"><b>INSPETORIA DE BOM JESUS<\/b><\/span><\/p>\n<p data-raofz=\"14\"><span class=\"s1\" data-raofz=\"14\"><strong>Hor\u00e1rio de Funcionamento:<\/strong>\u00a0De Segunda a Sexta-feira das 8h \u00e0s 12h e 14h \u00e0s 18h<br \/>\n<\/span><span class=\"s1\" data-raofz=\"14\"><strong>Endere\u00e7o:<\/strong>\u00a0Rua Cel. Ferreira, 143, Centro, Bom Jesus-PI<br \/>\n<strong>CEP:<\/strong>\u00a064900-000<br \/>\n<strong>Fone:<\/strong>\u00a0(89) 3562-2904<br \/>\n<strong>E-mail:<\/strong>\u00a0<a role=\"link\" href=\"mailto:bomjesus@crea-pi.org.br\" rel=\"noopener noreferrer\" data-raofz=\"14\">bomjesus@crea-pi.org.br<\/a><br \/>\n<\/span><span class=\"s1\" data-raofz=\"14\"><strong>Inspetor-Chefe:<\/strong>\u00a0 Eng.Florestal Adriano Saraiva Aguiar<br \/>\n<strong>Inspetor:<\/strong> Eng. Eletricista Juan Fonseca Maia da Silva<br \/>\n<strong>Inspetor:<\/strong> Eng. Civil Lucas de Sousa Ara\u00fajo<\/span><span class=\"s1\" data-raofz=\"14\"><br \/>\n<strong>Administrativo:<\/strong>\u00a0Rita Raquel de Jesus Sousa<\/span><\/p>\n<p class=\"p5\" data-raofz=\"14\"><span class=\"s2\" data-raofz=\"14\"><b>INSPETORIA DE CAMPO MAIOR<\/b><\/span><\/p>\n<p data-raofz=\"14\"><span class=\"s1\" data-raofz=\"14\"><strong>Hor\u00e1rio de Funcionamento:<\/strong>\u00a0De Segunda a Sexta-feira das 8h \u00e0s 14h<br \/>\n<\/span><span class=\"s1\" data-raofz=\"14\"><strong>Endere\u00e7o:<\/strong> Av Santo Ant\u00f4nio 500, nossa senhora de Lourdes<br \/>\n<strong>CEP:<\/strong> 64280-000<br \/>\n<strong>Fone:<\/strong><br \/>\n<strong>E-mail:<\/strong>\u00a0<a role=\"link\" href=\"mailto:campomaior@crea-pi.org.br\" rel=\"noopener noreferrer\" data-raofz=\"14\">campomaior@crea-pi.org.br<\/a><br \/>\n<\/span><span class=\"s1\" data-raofz=\"14\"><strong>Inspetor-Chefe:<\/strong> Eng. Civil Renato Vitor Gomes Cardoso<br \/>\n<\/span><span class=\"s1\" data-raofz=\"14\"><strong>Inspetor:<\/strong>\u00a0Eng. Agr\u00f4nomo Lucas de Oliveira Machado Gomes<br \/>\n<\/span><span class=\"s1\" data-raofz=\"14\"><strong>Inspetor:<\/strong> Eng. Civil Raul Guilherme Meira de Andrade N\u00f3brega<br \/>\n<\/span><span class=\"s1\" data-raofz=\"14\"><strong>Administrativo:<\/strong>\u00a0Juliene Barros de Matos<\/span><\/p>\n<p class=\"p5\" data-raofz=\"14\"><span class=\"s2\" data-raofz=\"14\"><b>INSPETORIA DE CORRENTE<\/b><\/span><\/p>\n<p data-raofz=\"14\"><span class=\"s1\" data-raofz=\"14\"><strong>Hor\u00e1rio de Funcionamento:<\/strong>\u00a0De Segunda a Sexta-feira das 8k \u00e0s 14h<br \/>\n<\/span><span class=\"s1\" data-raofz=\"14\"><strong>Endere\u00e7o:<\/strong>\u00a0Rua Dermival Alves Bonfim, S\/N \u2013 Nova Corrente \u2013 (Por tr\u00e1s do Pr\u00e9dio do INSS)<br \/>\n<strong>CEP:<\/strong>\u00a064980-000<br \/>\n<strong>Fone:<\/strong>\u00a0(89) 3573-1411<br \/>\n<strong>E-mail:<\/strong>\u00a0<a role=\"link\" href=\"mailto:corrente@crea-pi.org.br\" rel=\"noopener noreferrer\" data-raofz=\"14\">corrente@crea-pi.org.br<\/a><br \/>\n<\/span><span class=\"s1\" data-raofz=\"14\"><strong>Inspetor-Chefe:<\/strong> Eng Agr\u00f4nomo Jo\u00e3o Lustosa Elvas Neto<br \/>\n<strong>Inspetor:<\/strong> Eng Civil Hiago Corado Lustosa<br \/>\n<strong>Inspetor:<\/strong> Eng Civil Daisuke Okazuka<br \/>\n<\/span><span class=\"s1\" data-raofz=\"14\"><strong>Administrativo:<\/strong>\u00a0Gabriela Rocha Damas<br \/>\n<strong>Fiscal:<\/strong>\u00a0Francisco Edivaldo dos Santos<\/span><\/p>\n<p class=\"p5\" data-raofz=\"14\"><span class=\"s2\" data-raofz=\"14\"><b>INSPETORIA DE FLORIANO<\/b><\/span><\/p>\n<p data-raofz=\"14\"><span class=\"s1\" data-raofz=\"14\"><strong>Hor\u00e1rio de Funcionamento:<\/strong> De Segunda a Sexta-feira das 8h \u00e0s 12h e 14h as 18h.<br \/>\n<\/span><span class=\"s1\" data-raofz=\"14\"><strong>Endere\u00e7o:<\/strong>\u00a0Av. Esmaragdo de Freitas, 208 \u2013 Centro |<br \/>\n<strong>CEP:<\/strong>\u00a064800-128<br \/>\n<strong>Fone:<\/strong>\u00a0(89) 3522-3288<br \/>\n<strong>E-mail:<\/strong>\u00a0<a role=\"link\" href=\"mailto:floriano@crea-pi.org.br\" rel=\"noopener noreferrer\" data-raofz=\"14\">floriano@crea-pi.org.br<\/a><br \/>\n<\/span><span class=\"s1\" data-raofz=\"14\"><strong>Inspetor-Chefe:<\/strong> Eng. Civil David Lira de Carvalho Kalume<br \/>\n<strong>Inspetora:<\/strong>\u00a0Eng. Civil H\u00e9lida Lais Alves da Rocha<br \/>\n<strong>Inspetora: <\/strong>Eng Agronomo Mariana Pereira Nunes<br \/>\n<\/span><span class=\"s1\" data-raofz=\"14\"><strong>Administrativo:<\/strong>\u00a0Paulo Henrique Siqueira da Silva<br \/>\n<strong>Fiscal:<\/strong>\u00a0\u00c1lvaro Martins Pereira Filho<\/span><\/p>\n<p class=\"p5\" data-raofz=\"14\"><span class=\"s2\" data-raofz=\"14\"><b>INSPETORIA DE OEIRAS<\/b><\/span><\/p>\n<p data-raofz=\"14\"><span class=\"s1\" data-raofz=\"14\"><strong>Hor\u00e1rio de Funcionamento:<\/strong>\u00a0De Segunda a Sexta-feira das 8h \u00e0s 14h<br \/>\n<\/span><span class=\"s1\" data-raofz=\"14\"><strong>Endere\u00e7o:<\/strong>\u00a0Rua Miguel Oliveira, 370 \u2013 Centro<br \/>\n<strong>CEP:<\/strong>\u00a064500-000<br \/>\n<strong>Fone:<\/strong>\u00a0(89) 3462-2219<br \/>\n<strong>E-mail:<\/strong>\u00a0<a role=\"link\" href=\"mailto:oeiras@crea-pi.org.br\" rel=\"noopener noreferrer\" data-raofz=\"14\">oeiras@crea-pi.org.br<\/a><br \/>\n<\/span><span class=\"s1\" data-raofz=\"14\"><strong>Inspetor-Chefe:<\/strong> Eng. Agr\u00f4nomo Adriano Ferreira Costa dos Santos<br \/>\n<\/span><span class=\"s1\" data-raofz=\"14\"><strong>Inspetor:<\/strong> Eng Civil Adriano Gomes Cavalcante<br \/>\n<\/span><span class=\"s1\" data-raofz=\"14\"><strong>Inspetor:<\/strong>\u00a0Eng. Civil Pedro Victor Martins de S\u00e1<br \/>\n<\/span><span class=\"s1\" data-raofz=\"14\"><strong>Administrativo:<\/strong>\u00a0Gerd\u00e2nea Maria Feitosa Barbosa<\/span><\/p>\n<p class=\"p5\" data-raofz=\"14\"><span class=\"s2\" data-raofz=\"14\"><b>INSPETORIA DE PARNA\u00cdBA<\/b><\/span><\/p>\n<p data-raofz=\"14\"><span class=\"s1\" data-raofz=\"14\"><strong>Hor\u00e1rio de Funcionamento:<\/strong>\u00a0De Segunda a Sexta-feira das 8h \u00e0s 14h<br \/>\n<\/span><span class=\"s1\" data-raofz=\"14\"><strong>Endere\u00e7o:<\/strong>\u00a0A. Pe Raimundo Jos\u00e9 Vieira, 298 \u2013 Bairro N. Sra. de F\u00e1tima |<br \/>\n<strong>CEP:<\/strong>\u00a064202-140<br \/>\n<strong>Fone:<\/strong>\u00a0(86) 3322-4691<br \/>\n<strong>E-mail:<\/strong>\u00a0<a role=\"link\" href=\"mailto:parnaiba@crea-pi.org.br\" rel=\"noopener noreferrer\" data-raofz=\"14\">parnaiba@crea-pi.org.br<\/a><br \/>\n<\/span><span class=\"s1\" data-raofz=\"14\"><strong>Inspetor-Chefe:\u00a0<\/strong>Eng. Civil Andr\u00e9 Ferreira Fontenelle de Medeiros<br \/>\n<strong>Inspetora:<\/strong> Eng Agr\u00f4noma Jos\u00e9lia Correia Damasceno<br \/>\n<strong>Inspetor:<\/strong> Eng Civil Matheus Harryson Rocha da Silva<br \/>\n<\/span><span class=\"s1\" data-raofz=\"14\"><strong>Administrativo:<\/strong> \u00c2ngela Maria Fortes de Brito Oliveira<br \/>\n<strong>Agentes de Fiscaliza\u00e7\u00e3o:<\/strong>\u00a0Luciano Martins de Ara\u00fajo | Francisco das Chagas Souza Mesquita<\/span><\/p>\n<p class=\"p5\" data-raofz=\"14\"><span class=\"s2\" data-raofz=\"14\"><b>INSPETORIA DE PAULISTANA<\/b><\/span><\/p>\n<p data-raofz=\"14\"><span class=\"s1\" data-raofz=\"14\"><strong>Hor\u00e1rio de Funcionamento:<\/strong>\u00a0De Segunda a Sexta-feira das 8h \u00e0s 14h<br \/>\n<\/span><span class=\"s1\" data-raofz=\"14\"><strong>Endere\u00e7o:<\/strong>\u00a0Avenida Transnordestina S\/N Centro<br \/>\n<strong>CEP:<\/strong>\u00a064750-000<br \/>\n<strong>Fone:<\/strong>\u00a0(89) 3487-1486<br \/>\n<strong>E-mail:<\/strong>\u00a0<a role=\"link\" href=\"mailto:paulistana@crea-pi.org.br\" rel=\"noopener noreferrer\" data-raofz=\"14\">paulistana@crea-pi.org.br<\/a><br \/>\n<\/span><span class=\"s1\" data-raofz=\"14\"><strong>Inspetor-Chefe:<\/strong> \u00a0Eng. Civil Edvaldo Bernardes Bezerra<br \/>\n<strong>Inspetor:<\/strong>\u00a0Eng Civil Abdenal Carvalho Andrade<br \/>\n<strong>Inspetor:<\/strong> Eng. Eletricista Francisco Le\u00e3o de Oliveira<br \/>\n<\/span><span class=\"s1\" data-raofz=\"14\"><strong>Administrativo:<\/strong>\u00a0Rubicl\u00e9ia de S\u00e1 Macedo<\/span><\/p>\n<p class=\"p5\" data-raofz=\"14\"><span class=\"s2\" data-raofz=\"14\"><b>INSPETORIA DE PICOS<\/b><\/span><\/p>\n<p data-raofz=\"14\"><span class=\"s1\" data-raofz=\"14\"><strong>Hor\u00e1rio de Funcionamento:<\/strong>\u00a0De Segunda a Sexta-feira das 8h \u00e0s 14h<br \/>\n<\/span><span class=\"s1\" data-raofz=\"14\"><strong>Endere\u00e7o:<\/strong>\u00a0Rua Av. An\u00edsio da Luz, 284 \u2013 Ipueira<br \/>\n<strong>CEP:<\/strong>\u00a064600-000<br \/>\n<strong>Fone:<\/strong>\u00a0(89) 3422-3149<br \/>\n<strong>E-mail:<\/strong>\u00a0<a role=\"link\" href=\"mailto:picos@crea-pi.org.br\" rel=\"noopener noreferrer\" data-raofz=\"14\">picos@crea-pi.org.br<\/a><br \/>\n<\/span><span class=\"s1\" data-raofz=\"14\"><strong>Inspetor-Chefe:<\/strong> Eng Civil Gustavo Jos\u00e9 de Carvalho Albuquerque Santos<br \/>\n<strong>Inspetor:<\/strong> Eng Civil Pedro Gustavo Luz Sousa Barros<br \/>\n<strong>Inspetor:<\/strong> Eng. Agr\u00f4nomo Glauton de Sousa Moura<br \/>\n<\/span><span class=\"s1\" data-raofz=\"14\"><strong>Fiscal:<\/strong>\u00a0Wellinton Bezerra<br \/>\n<strong>Administrativo:<\/strong>\u00a0Etevane Aparecida de Sousa<\/span><\/p>\n<p class=\"p5\" data-raofz=\"14\"><span class=\"s2\" data-raofz=\"14\"><b>INSPETORIA DE PIRIPIRI<\/b><\/span><\/p>\n<p data-raofz=\"14\"><span class=\"s1\" data-raofz=\"14\"><strong>Hor\u00e1rio de Funcionamento:<\/strong> De Segunda a Sexta-feira das 8h \u00e0s 12h e 14h as 18h.<br \/>\n<\/span><span class=\"s1\" data-raofz=\"14\"><strong>Endere\u00e7o:<\/strong>\u00a0Rua Antonio Alves, 734 \u2013 Apt\u00ba 102 \u2013 Centro<br \/>\n<strong>CEP:<\/strong>\u00a064260-000<br \/>\n<strong>Fone:<\/strong>\u00a0(86) 3276-2626<br \/>\n<strong>E-mail:<\/strong>\u00a0<a role=\"link\" href=\"mailto:piripiri@crea-pi.org.br\" rel=\"noopener noreferrer\" data-raofz=\"14\">piripiri@crea-pi.org.br<\/a><br \/>\n<\/span><span class=\"s1\" data-raofz=\"14\"><strong>Inspetora-Chefe:<\/strong> Eng. Agr\u00f4noma Alciomara Maria Louren\u00e7o<br \/>\n<strong>Inspetor:<\/strong> Eng. Civil Francisco Allex de Oliveira Lima<br \/>\n<strong>Inspetor:<\/strong> Eng. Eletricista Tertuliano Tib\u00farcio de Sousa Costa<br \/>\n<\/span><span class=\"s1\" data-raofz=\"14\"><strong>Administrativo:<\/strong>\u00a0Heleomar Lustosa de Ara\u00fajo<\/span><\/p>\n<p class=\"p5\" data-raofz=\"14\"><span class=\"s2\" data-raofz=\"14\"><b>INSPETORIA DE S\u00c3O RAIMUNDO NONATO<\/b><\/span><\/p>\n<p data-raofz=\"14\"><span class=\"s1\" data-raofz=\"14\"><strong>Hor\u00e1rio de Funcionamento:<\/strong>\u00a0De Segunda a Sexta-feira das 8h \u00e0s 14h<br \/>\n<\/span><span class=\"s1\" data-raofz=\"14\"><strong>Endere\u00e7o: <\/strong>Rua Abdias Neves, S\/N- Bairro Aldeia<br \/>\n<strong>CEP:<\/strong> 64.770-00<br \/>\n<strong>Fone:<\/strong>\u00a0(89) 3582-2117<br \/>\n<strong>E-mail:<\/strong>\u00a0<a role=\"link\" href=\"mailto:saordononato@crea-pi.org.br\" rel=\"noopener noreferrer\" data-raofz=\"14\">saordononato@crea-pi.org.br<\/a><br \/>\n<\/span><span class=\"s1\" data-raofz=\"14\"><strong>Inspetor-Chefe:<\/strong> Eng. Civil Waldir da Silva Costa Filho<br \/>\n<strong>Inspetor:<\/strong> Eng. Civil Adilson Vanderley de Sousa<br \/>\n<strong>Inspetor:<\/strong> Eng. Civil Danilo de Oliveira Negreiros<br \/>\n<\/span><span class=\"s1\" data-raofz=\"14\"><strong>Administrativo:<\/strong>\u00a0Mariza Ribeiro Marques<br \/>\n<strong>Fiscal:<\/strong>\u00a0Emerson Luiz de Sousa Barbosa<\/span><\/p>\n<p class=\"p5\" data-raofz=\"14\"><span class=\"s2\" data-raofz=\"14\"><b>INSPETORIA DE URU\u00c7U\u00cd<\/b><\/span><\/p>\n<p data-raofz=\"14\"><span class=\"s1\" data-raofz=\"14\"><strong>Hor\u00e1rio de Funcionamento:<\/strong>\u00a0De Segunda a Sexta-feira das 8h \u00e0s 12h e 14h \u00e0s 18h<br \/>\n<\/span><span class=\"s1\" data-raofz=\"14\"><strong>Endere\u00e7o:<\/strong>\u00a0Rua Almir Benvindo, 18 \u2013 Bairro Malvinas<br \/>\n<strong>CEP:<\/strong>\u00a064860-000<br \/>\n<strong>Fone:<\/strong>\u00a0(89) 3544-1117<br \/>\n<strong>E-mail:<\/strong>\u00a0<a role=\"link\" href=\"mailto:urucui@crea-pi.org.br\" rel=\"noopener noreferrer\" data-raofz=\"14\">urucui@crea-pi.org.br<\/a><br \/>\n<\/span><span class=\"s1\" data-raofz=\"14\"><strong>Inspetor-Chefe:<\/strong> Eng Agr\u00f4nomo Forlan Pereira Alves<br \/>\n<strong>Inspetora:<\/strong> Eng. Agr\u00f4noma Gllenna Isabel Pereira dos Santos<br \/>\n<strong>Inspetora:<\/strong>\u00a0Eng. Agr\u00f4noma Kelly Eunice Gon\u00e7alves dos Santos<br \/>\n<\/span><span class=\"s1\" data-raofz=\"14\"><strong>Administrativo:<\/strong> Robert de Matos Sousa<\/span><\/p>\n<p class=\"p5\" data-raofz=\"14\"><span class=\"s2\" data-raofz=\"14\"><b>INSPETORIA DE ESPERANTINA\u00a0<\/b><\/span><\/p>\n<p data-raofz=\"14\"><span class=\"s1\" data-raofz=\"14\"><strong>Hor\u00e1rio de Funcionamento:<\/strong> De Segunda a Sexta-feira das 8h \u00e0s 14h<br \/>\n<strong>Endere\u00e7o:<\/strong> Rua Professor Jo\u00e3o Paulo,37 &#8211; Centro<br \/>\n<strong>CEP:<\/strong><br \/>\n<strong>E-mail:<\/strong> esperantina@crea-pi.org.br<br \/>\n<strong>Inspetor-Chefe: <\/strong>Eng Civil\u00a0 Sandro Almeida Paz Filho<br \/>\n<strong>Inspetora:<\/strong>\u00a0 Eng Civil Ana Beatriz dos Santos Silva<\/span><\/p>\n<p data-raofz=\"14\"><strong>Inspetor:<\/strong> Eng Civil Gyovani Sammyo Melo de Carvalho<\/p>\n<p data-raofz=\"14\"><span class=\"s1\" data-raofz=\"14\"><strong>Administrativo:<\/strong> Larissa Costa e Silva Ferreira\u00a0<\/span><span class=\"s1\" data-raofz=\"14\"><br \/>\n<\/span><\/p>\n<p class=\"p5\" data-raofz=\"14\"><span class=\"s2\" data-raofz=\"14\"><b>INSPETORIA DE VALEN\u00c7A\u00a0<\/b><\/span><\/p>\n<p data-raofz=\"14\"><span class=\"s1\" data-raofz=\"14\"><strong>Hor\u00e1rio de Funcionamento:<\/strong> De Segunda a Sexta-feira das 8h \u00e0s 14h<br \/>\n<\/span><span class=\"s1\" data-raofz=\"14\"><strong>Endere\u00e7o:<\/strong> Rua Coronel An\u00edbal Martins,720- Centro<br \/>\n<strong>CEP:<\/strong> 64300-000<br \/>\n<strong>E-mail:<\/strong> valenca@crea-pi.org.br<br \/>\n<\/span><span class=\"s1\" data-raofz=\"14\"><strong>Inspetor-Chefe:<\/strong>\u00a0 Eng. Agr Luciano Coelho de Oliveira<br \/>\n<strong>Inspetor:<\/strong> Eng Civ Dheismy Henrique Marques Lopes<br \/>\n<strong>Inspetor:<\/strong> Eng Agr\u00f4nomo Luis Carlos dos Anjos Cortez\u00a0<\/span><span class=\"s1\" data-raofz=\"14\"><br \/>\n<strong>Administrativo:<\/strong> Ludianna Dourado Eul\u00e1lio\u00a0<\/span><\/p>\n","protected":false},"excerpt":{"rendered":"<p>As Inspetorias do Crea-PI s\u00e3o vinculadas administrativa e tecnicamente ao Regional e funcionam em conson\u00e2ncia com o Regimento do Conselho, cuja finalidade \u00e9 a descentraliza\u00e7\u00e3o do atendimento \u00e0 Sociedade. Atualmente o Crea-PI possui 11 Inspetorias. INSPETORIA DE BOM JESUS Hor\u00e1rio de Funcionamento:\u00a0De Segunda a Sexta-feira das 8h \u00e0s 12h e 14h \u00e0s 18h Endere\u00e7o:\u00a0Rua Cel&#8230;.<\/p>\n","protected":false},"author":3,"featured_media":0,"parent":0,"menu_order":0,"comment_status":"closed","ping_status":"closed","template":"","meta":{"om_disable_all_campaigns":false,"_monsterinsights_skip_tracking":false,"_monsterinsights_sitenote_active":false,"_monsterinsights_sitenote_note":"","_monsterinsights_sitenote_category":0,"_kad_post_transparent":"default","_kad_post_title":"default","_kad_post_layout":"default","_kad_post_sidebar_id":"","_kad_post_content_style":"default","_kad_post_vertical_padding":"default","_kad_post_feature":"","_kad_post_feature_position":"","_kad_post_header":false,"_kad_post_footer":false,"footnotes":""},"aioseo_notices":[],"_links":{"self":[{"href":"https:\/\/transparencia.crea-pi.org.br\/index.php\/wp-json\/wp\/v2\/pages\/111"}],"collection":[{"href":"https:\/\/transparencia.crea-pi.org.br\/index.php\/wp-json\/wp\/v2\/pages"}],"about":[{"href":"https:\/\/transparencia.crea-pi.org.br\/index.php\/wp-json\/wp\/v2\/types\/page"}],"author":[{"embeddable":true,"href":"https:\/\/transparencia.crea-pi.org.br\/index.php\/wp-json\/wp\/v2\/users\/3"}],"replies":[{"embeddable":true,"href":"https:\/\/transparencia.crea-pi.org.br\/index.php\/wp-json\/wp\/v2\/comments?post=111"}],"version-history":[{"count":9,"href":"https:\/\/transparencia.crea-pi.org.br\/index.php\/wp-json\/wp\/v2\/pages\/111\/revisions"}],"predecessor-version":[{"id":5159,"href":"https:\/\/transparencia.crea-pi.org.br\/index.php\/wp-json\/wp\/v2\/pages\/111\/revisions\/5159"}],"wp:attachment":[{"href":"https:\/\/transparencia.crea-pi.org.br\/index.php\/wp-json\/wp\/v2\/media?parent=111"}],"curies":[{"name":"wp","href":"https:\/\/api.w.org\/{rel}","templated":true}]}}